{"id":6225,"date":"2026-01-22T09:27:55","date_gmt":"2026-01-22T12:27:55","guid":{"rendered":"https:\/\/sitenovo.ayalla.com.br\/?page_id=6225"},"modified":"2026-03-17T13:30:26","modified_gmt":"2026-03-17T16:30:26","slug":"trabalhe-conosco","status":"publish","type":"page","link":"https:\/\/sitenovo.ayalla.com.br\/index.php\/trabalhe-conosco\/","title":{"rendered":"Trabalhe Conosco"},"content":{"rendered":"\t\t<div data-elementor-type=\"wp-page\" data-elementor-id=\"6225\" class=\"elementor elementor-6225\" data-elementor-post-type=\"page\">\n\t\t\t\t<div class=\"elementor-element elementor-element-67a18cb e-flex e-con-boxed wpr-particle-no wpr-jarallax-no wpr-parallax-no wpr-sticky-section-no e-con e-parent\" data-id=\"67a18cb\" data-element_type=\"container\" data-settings=\"{&quot;background_background&quot;:&quot;classic&quot;}\">\n\t\t\t\t\t<div class=\"e-con-inner\">\n\t\t\t\t<div class=\"elementor-element elementor-element-1d55bfbe elementor-widget elementor-widget-elementskit-heading\" data-id=\"1d55bfbe\" data-element_type=\"widget\" data-settings=\"{&quot;htmega_fe&quot;:&quot;no&quot;}\" data-widget_type=\"elementskit-heading.default\">\n\t\t\t\t<div class=\"elementor-widget-container\">\n\t\t\t\t\t<div class=\"ekit-wid-con\" ><div class=\"ekit-heading elementskit-section-title-wraper text_center   ekit_heading_tablet-   ekit_heading_mobile-\"><h2 class=\"ekit-heading--title elementskit-section-title \">Trabalhe <span><span>Conosco<\/span><\/span> <br><\/h2><\/div><\/div>\t\t\t\t<\/div>\n\t\t\t\t<\/div>\n\t\t\t\t\t<\/div>\n\t\t\t\t<\/div>\n\t\t<div class=\"elementor-element elementor-element-5b4c8a7 e-flex e-con-boxed wpr-particle-no wpr-jarallax-no wpr-parallax-no wpr-sticky-section-no e-con e-parent\" data-id=\"5b4c8a7\" data-element_type=\"container\">\n\t\t\t\t\t<div class=\"e-con-inner\">\n\t\t<div class=\"elementor-element elementor-element-7dec155 e-con-full e-flex wpr-particle-no wpr-jarallax-no wpr-parallax-no wpr-sticky-section-no e-con e-child\" data-id=\"7dec155\" data-element_type=\"container\">\n\t\t\t\t<div class=\"elementor-element elementor-element-3195aecf elementor-widget__width-inherit elementor-widget elementor-widget-elementskit-heading\" data-id=\"3195aecf\" data-element_type=\"widget\" data-settings=\"{&quot;htmega_fe&quot;:&quot;no&quot;}\" data-widget_type=\"elementskit-heading.default\">\n\t\t\t\t<div class=\"elementor-widget-container\">\n\t\t\t\t\t<div class=\"ekit-wid-con\" ><div class=\"ekit-heading elementskit-section-title-wraper text_left   ekit_heading_tablet-   ekit_heading_mobile-text_center\"><h2 class=\"ekit-heading--title elementskit-section-title \">Prote\u00e7\u00e3o de Dados Pessoais<\/h2><div class=\"ekit_heading_separetor_wraper ekit_heading_elementskit-border-divider ekit-dotted\"><div class=\"elementskit-border-divider ekit-dotted\"><\/div><\/div>\t\t\t\t<div class='ekit-heading__description'>\n\t\t\t\t\t<p>Ao se candidatar a uma vaga na Ayalla, voc\u00ea declara estar ciente e de acordo, de forma <strong>livre, expressa e informada<\/strong>, com a coleta, o tratamento e a utiliza\u00e7\u00e3o de seus dados pessoais, conforme a <strong>Lei n\u00ba 13.709\/2018 \u2013 Lei Geral de Prote\u00e7\u00e3o de Dados (LGPD)<\/strong>.<br \/>Essas informa\u00e7\u00f5es ser\u00e3o utilizadas <strong>exclusivamente para fins de Recrutamento e Sele\u00e7\u00e3o<\/strong>, garantindo seguran\u00e7a, confidencialidade e respeito \u00e0 sua privacidade.<\/p>\n<p>Nosso compromisso \u00e9 com a <strong>\u00e9tica, integridade, transpar\u00eancia e conformidade<\/strong>, pilares fundamentais para a constru\u00e7\u00e3o de rela\u00e7\u00f5es s\u00f3lidas e respons\u00e1veis com colaboradores, parceiros, clientes e a sociedade.<\/p>\n\t\t\t\t<\/div>\n\t\t\t<\/div><\/div>\t\t\t\t<\/div>\n\t\t\t\t<\/div>\n\t\t\t\t<div class=\"elementor-element elementor-element-7a16682 elementor-widget elementor-widget-image\" data-id=\"7a16682\" data-element_type=\"widget\" data-settings=\"{&quot;htmega_fe&quot;:&quot;no&quot;}\" data-widget_type=\"image.default\">\n\t\t\t\t<div class=\"elementor-widget-container\">\n\t\t\t\t\t\t\t\t\t\t\t\t\t\t\t<img fetchpriority=\"high\" decoding=\"async\" width=\"700\" height=\"1000\" src=\"https:\/\/sitenovo.ayalla.com.br\/wp-content\/uploads\/2026\/01\/trabalhe-conosco-002.jpg\" class=\"attachment-full size-full wp-image-6246\" alt=\"\" srcset=\"https:\/\/sitenovo.ayalla.com.br\/wp-content\/uploads\/2026\/01\/trabalhe-conosco-002.jpg 700w, https:\/\/sitenovo.ayalla.com.br\/wp-content\/uploads\/2026\/01\/trabalhe-conosco-002-210x300.jpg 210w, https:\/\/sitenovo.ayalla.com.br\/wp-content\/uploads\/2026\/01\/trabalhe-conosco-002-600x857.jpg 600w\" sizes=\"(max-width: 700px) 100vw, 700px\" \/>\t\t\t\t\t\t\t\t\t\t\t\t\t\t\t<\/div>\n\t\t\t\t<\/div>\n\t\t\t\t<\/div>\n\t\t<div class=\"elementor-element elementor-element-c1185f0 e-con-full e-flex wpr-particle-no wpr-jarallax-no wpr-parallax-no wpr-sticky-section-no e-con e-child\" data-id=\"c1185f0\" data-element_type=\"container\">\n\t\t\t\t<div class=\"elementor-element elementor-element-6b00143 elementor-widget__width-inherit elementor-widget elementor-widget-elementskit-heading\" data-id=\"6b00143\" data-element_type=\"widget\" data-settings=\"{&quot;htmega_fe&quot;:&quot;no&quot;}\" data-widget_type=\"elementskit-heading.default\">\n\t\t\t\t<div class=\"elementor-widget-container\">\n\t\t\t\t\t<div class=\"ekit-wid-con\" ><div class=\"ekit-heading elementskit-section-title-wraper text_center   ekit_heading_tablet-   ekit_heading_mobile-\"><h2 class=\"ekit-heading--title elementskit-section-title \">Fa\u00e7a parte do time Ayalla<\/h2><div class=\"ekit_heading_separetor_wraper ekit_heading_elementskit-border-divider ekit-dotted\"><div class=\"elementskit-border-divider ekit-dotted\"><\/div><\/div><\/div><\/div>\t\t\t\t<\/div>\n\t\t\t\t<\/div>\n\t\t\t\t<div class=\"elementor-element elementor-element-93359fb elementor-widget elementor-widget-shortcode\" data-id=\"93359fb\" data-element_type=\"widget\" data-settings=\"{&quot;htmega_fe&quot;:&quot;no&quot;}\" data-widget_type=\"shortcode.default\">\n\t\t\t\t<div class=\"elementor-widget-container\">\n\t\t\t\t\t\t\t<div class=\"elementor-shortcode\">\n<div class=\"wpcf7 no-js\" id=\"wpcf7-f6233-o1\" lang=\"pt-BR\" dir=\"ltr\" data-wpcf7-id=\"6233\">\n<div class=\"screen-reader-response\"><p role=\"status\" aria-live=\"polite\" aria-atomic=\"true\"><\/p> <ul><\/ul><\/div>\n<form action=\"\/index.php\/wp-json\/wp\/v2\/pages\/6225#wpcf7-f6233-o1\" method=\"post\" class=\"wpcf7-form init\" aria-label=\"Formul\u00e1rios de contato\" enctype=\"multipart\/form-data\" novalidate=\"novalidate\" data-status=\"init\">\n<fieldset class=\"hidden-fields-container\"><input type=\"hidden\" name=\"_wpcf7\" value=\"6233\" \/><input type=\"hidden\" name=\"_wpcf7_version\" value=\"6.1.5\" \/><input type=\"hidden\" name=\"_wpcf7_locale\" value=\"pt_BR\" \/><input type=\"hidden\" name=\"_wpcf7_unit_tag\" value=\"wpcf7-f6233-o1\" \/><input type=\"hidden\" name=\"_wpcf7_container_post\" value=\"0\" \/><input type=\"hidden\" name=\"_wpcf7_posted_data_hash\" value=\"\" \/>\n<\/fieldset>\n<p><br \/>\nPreencha o formul\u00e1rio abaixo para se candidatar \u00e0s oportunidades da Ayalla.\n<\/p>\n<hr \/>\n<h3 style=\"font-size:15px; font-weight:600; text-transform:uppercase;\"><br \/>\nNome completo <span style=\"color:#c00;\">*<\/span>\n<\/h3>\n<p><span class=\"wpcf7-form-control-wrap\" data-name=\"nome\"><input size=\"40\" maxlength=\"400\" class=\"wpcf7-form-control wpcf7-text wpcf7-validates-as-required\" aria-required=\"true\" aria-invalid=\"false\" value=\"\" type=\"text\" name=\"nome\" \/><\/span>\n<\/p>\n<div style=\"display:flex; gap:15px; flex-wrap:wrap;\">\n\t<div style=\"flex:1; min-width:220px;\">\n\t\t<h4 style=\"font-size:15px; font-weight:600; text-transform:uppercase; margin-bottom:8px;\"><br \/>\nE-mail <span style=\"color:#c00;\">*<\/span>\n\t\t<\/h4>\n\t\t<p><span class=\"wpcf7-form-control-wrap\" data-name=\"email\"><input size=\"40\" maxlength=\"400\" class=\"wpcf7-form-control wpcf7-email wpcf7-validates-as-required wpcf7-text wpcf7-validates-as-email\" aria-required=\"true\" aria-invalid=\"false\" value=\"\" type=\"email\" name=\"email\" \/><\/span>\n\t\t<\/p>\n\t<\/div>\n\t<div style=\"flex:1; min-width:220px;\">\n\t\t<h4 style=\"font-size:15px; font-weight:600; text-transform:uppercase; margin-bottom:8px;\"><br \/>\nTelefone <span style=\"color:#c00;\">*<\/span>\n\t\t<\/h4>\n\t\t<p><span class=\"wpcf7-form-control-wrap\" data-name=\"telefone\"><input size=\"40\" maxlength=\"400\" class=\"wpcf7-form-control wpcf7-tel wpcf7-validates-as-required wpcf7-text wpcf7-validates-as-tel\" aria-required=\"true\" aria-invalid=\"false\" value=\"\" type=\"tel\" name=\"telefone\" \/><\/span>\n\t\t<\/p>\n\t<\/div>\n<\/div>\n<div style=\"display:flex; gap:20px; flex-wrap:wrap;\">\n\t<div style=\"flex:1; min-width:220px;\">\n\t\t<h3 style=\"font-size:15px; font-weight:600; text-transform:uppercase;\"><br \/>\n\u00c1rea de interesse\n\t\t<\/h3>\n\t\t<p><span class=\"wpcf7-form-control-wrap\" data-name=\"area-interesse\"><input size=\"40\" maxlength=\"400\" class=\"wpcf7-form-control wpcf7-text\" aria-invalid=\"false\" value=\"\" type=\"text\" name=\"area-interesse\" \/><\/span>\n\t\t<\/p>\n\t<\/div>\n\t<div style=\"flex:1; min-width:220px;\">\n\t\t<h4 style=\"font-size:15px; font-weight:600; text-transform:uppercase;\"><br \/>\nMensagem \/ Apresenta\u00e7\u00e3o\n\t\t<\/h4>\n\t\t<p><span class=\"wpcf7-form-control-wrap\" data-name=\"mensagem\"><textarea cols=\"40\" rows=\"4\" maxlength=\"2000\" class=\"wpcf7-form-control wpcf7-textarea\" aria-invalid=\"false\" name=\"mensagem\"><\/textarea><\/span>\n\t\t<\/p>\n\t<\/div>\n<\/div>\n<h3 style=\"font-size:15px; font-weight:600; text-transform:uppercase;\"><br \/>\nAnexar curr\u00edculo <span style=\"color:#c00;\">*<\/span>\n<\/h3>\n<p><small>Formatos permitidos: PDF ou DOC\/DOCX (at\u00e9 5MB).<\/small>\n<\/p>\n<p><span class=\"wpcf7-form-control-wrap\" data-name=\"curriculo\"><input size=\"40\" class=\"wpcf7-form-control wpcf7-file wpcf7-validates-as-required\" accept=\".pdf,.doc,.docx\" aria-required=\"true\" aria-invalid=\"false\" type=\"file\" name=\"curriculo\" \/><\/span>\n<\/p>\n<hr \/>\n<p><label style=\"font-size:15px;\"><br \/>\nDeclaro estar ciente e concordo, de forma livre, expressa e informada,<br \/>\ncom a coleta e o tratamento dos meus dados pessoais pela Ayalla,<br \/>\nnos termos da Lei n\u00ba 13.709\/2018 (LGPD), exclusivamente para fins de<br \/>\nRecrutamento e Sele\u00e7\u00e3o.<br \/>\n<\/label>\n<\/p>\n<p><input class=\"wpcf7-form-control wpcf7-submit has-spinner\" type=\"submit\" value=\"ENVIAR CURR\u00cdCULO\" \/>\n<\/p><div class=\"wpcf7-response-output\" aria-hidden=\"true\"><\/div>\n<\/form>\n<\/div>\n<\/div>\n\t\t\t\t\t\t<\/div>\n\t\t\t\t<\/div>\n\t\t\t\t<\/div>\n\t\t\t\t\t<\/div>\n\t\t\t\t<\/div>\n\t\t<div class=\"elementor-element elementor-element-15795c88 e-flex e-con-boxed wpr-particle-no wpr-jarallax-no wpr-parallax-no wpr-sticky-section-no e-con e-parent\" data-id=\"15795c88\" data-element_type=\"container\">\n\t\t\t\t\t<div class=\"e-con-inner\">\n\t\t\t\t<div class=\"elementor-element elementor-element-9485401 elementor-align-center elementor-widget elementor-widget-button\" data-id=\"9485401\" data-element_type=\"widget\" data-settings=\"{&quot;htmega_fe&quot;:&quot;no&quot;}\" data-widget_type=\"button.default\">\n\t\t\t\t<div class=\"elementor-widget-container\">\n\t\t\t\t\t\t\t\t\t<div class=\"elementor-button-wrapper\">\n\t\t\t\t\t<a class=\"elementor-button elementor-button-link elementor-size-sm elementor-animation-buzz-out\" href=\"https:\/\/sitenovo.ayalla.com.br\/index.php\/contato\/\">\n\t\t\t\t\t\t<span class=\"elementor-button-content-wrapper\">\n\t\t\t\t\t\t\t\t\t<span class=\"elementor-button-text\">Fale Conosco<\/span>\n\t\t\t\t\t<\/span>\n\t\t\t\t\t<\/a>\n\t\t\t\t<\/div>\n\t\t\t\t\t\t\t\t<\/div>\n\t\t\t\t<\/div>\n\t\t\t\t\t<\/div>\n\t\t\t\t<\/div>\n\t\t<div class=\"elementor-element elementor-element-9aa976d e-flex e-con-boxed wpr-particle-no wpr-jarallax-no wpr-parallax-no wpr-sticky-section-no e-con e-parent\" data-id=\"9aa976d\" data-element_type=\"container\" data-settings=\"{&quot;background_background&quot;:&quot;classic&quot;}\">\n\t\t\t\t\t<div class=\"e-con-inner\">\n\t\t\t\t<div class=\"elementor-element elementor-element-5a5fa17 elementor-widget elementor-widget-heading\" data-id=\"5a5fa17\" data-element_type=\"widget\" data-settings=\"{&quot;htmega_fe&quot;:&quot;no&quot;}\" data-widget_type=\"heading.default\">\n\t\t\t\t<div class=\"elementor-widget-container\">\n\t\t\t\t\t<span class=\"elementor-heading-title elementor-size-default\">Facilita o presente, Inspira o futuro<\/span>\t\t\t\t<\/div>\n\t\t\t\t<\/div>\n\t\t\t\t\t<\/div>\n\t\t\t\t<\/div>\n\t\t\t\t<\/div>\n\t\t","protected":false},"excerpt":{"rendered":"<p>Trabalhe Conosco Prote\u00e7\u00e3o de Dados Pessoais Ao se candidatar a uma vaga na Ayalla, voc\u00ea declara estar ciente e de acordo, de forma livre, expressa e informada, com a coleta, o tratamento e a utiliza\u00e7\u00e3o de seus dados pessoais, conforme a Lei n\u00ba 13.709\/2018 \u2013 Lei Geral de Prote\u00e7\u00e3o de Dados (LGPD).Essas informa\u00e7\u00f5es ser\u00e3o utilizadas exclusivamente para fins de Recrutamento e Sele\u00e7\u00e3o, garantindo seguran\u00e7a, confidencialidade e respeito \u00e0 sua privacidade. Nosso compromisso \u00e9 com a \u00e9tica, integridade, transpar\u00eancia e conformidade, pilares fundamentais para a constru\u00e7\u00e3o de rela\u00e7\u00f5es s\u00f3lidas e respons\u00e1veis com colaboradores, parceiros, clientes e a sociedade. Fa\u00e7a parte do time Ayalla Fale Conosco Facilita o presente, Inspira o futuro<\/p>\n","protected":false},"author":1,"featured_media":0,"parent":0,"menu_order":0,"comment_status":"closed","ping_status":"closed","template":"","meta":{"_eb_attr":"","footnotes":""},"class_list":["post-6225","page","type-page","status-publish","hentry"],"_links":{"self":[{"href":"https:\/\/sitenovo.ayalla.com.br\/index.php\/wp-json\/wp\/v2\/pages\/6225","targetHints":{"allow":["GET"]}}],"collection":[{"href":"https:\/\/sitenovo.ayalla.com.br\/index.php\/wp-json\/wp\/v2\/pages"}],"about":[{"href":"https:\/\/sitenovo.ayalla.com.br\/index.php\/wp-json\/wp\/v2\/types\/page"}],"author":[{"embeddable":true,"href":"https:\/\/sitenovo.ayalla.com.br\/index.php\/wp-json\/wp\/v2\/users\/1"}],"replies":[{"embeddable":true,"href":"https:\/\/sitenovo.ayalla.com.br\/index.php\/wp-json\/wp\/v2\/comments?post=6225"}],"version-history":[{"count":30,"href":"https:\/\/sitenovo.ayalla.com.br\/index.php\/wp-json\/wp\/v2\/pages\/6225\/revisions"}],"predecessor-version":[{"id":8808,"href":"https:\/\/sitenovo.ayalla.com.br\/index.php\/wp-json\/wp\/v2\/pages\/6225\/revisions\/8808"}],"wp:attachment":[{"href":"https:\/\/sitenovo.ayalla.com.br\/index.php\/wp-json\/wp\/v2\/media?parent=6225"}],"curies":[{"name":"wp","href":"https:\/\/api.w.org\/{rel}","templated":true}]}}